*o - 20, 3*r + o - 17 = 0. What is the highest common divisor of 70 and r?
7
Let t be (-10)/(-4)*(13 - 11). Suppose 62 - 7 = t*g. Calculate the highest common factor of 22 and g.
11
Suppose -2*d + 2 + 58 = 0. Suppose -9*p - p - 210 = 0. Let c = p + d. Calculate the greatest common factor of 81 and c.
9
Suppose 13*z - 463 = 824. What is the greatest common factor of z and 44?
11
Let p(m) be the second derivative of -m**3/6 - 5*m**2/2 + 7*m. Let w be (-10)/(-55) + 156/(-11). Let s be p(w). What is the greatest common factor of s and 3?
3
Let f be -4 + 2 - (-1 - -5). Let a be (-189)/14*(22/f + -1). What is the greatest common divisor of 21 and a?
21
Suppose -2*x + 228 = 2*x. Suppose -4*m = 3*v + 1 - 33, x = 5*v + 3*m. Suppose 0*p = 4*p, -k + 2*p + v = 0. What is the highest common divisor of 8 and k?
4
Let x = 34 - 32. Let z be x*(2 - 4)*935/(-44). What is the greatest common divisor of 34 and z?
17
Suppose d - 26 = -0*d + i, 2*i - 80 = -4*d. Let c be (4 - 5) + 89*1. What is the highest common factor of c and d?
22
Let y = -157 - -225. Suppose -17*x = -21*x + y. Suppose -2*i - d + 137 = 0, -2*i - 4*d - 132 = -4*i. What is the highest common divisor of x and i?
17
Let m = -331 - -366. Suppose -4*w - z = -25, 0 = 5*w - 4*z - 5 - 0. Suppose 7 = -4*y + w*y. What is the greatest common factor of m and y?
7
Let h = 25 + 38. Let y = 76 - h. What is the highest common factor of y and 143?
13
Suppose 3*z - z - 8 = 0. Suppose 4*a = -a + 5*g + 5, -z*a = -5*g - 7. Let x be 8*34/4 + a. What is the greatest common divisor of x and 6?
6
Let l(r) = 3*r + 90. Let f be l(-14). Calculate the highest common divisor of f and 40.
8
Suppose -4*f - 310 = -9*f. Let i = f + 19. Let z = 15 + -6. Calculate the highest common divisor of i and z.
9
Let t(a) = 5*a - 3. Let v be t(5). Suppose -4*p = 2*h - 2*p - 120, -2*h + 4*p = -90. Calculate the greatest common factor of h and v.
11
Let n = -45 - -61. Suppose -2*f - 5*u + n = -0*f, u + 94 = 5*f. What is the highest common factor of 198 and f?
18
Suppose -3*k = 2*k + 165. Let g be (1 - 5 - -2)*k/2. What is the greatest common factor of 11 and g?
11
Let m(f) be the first derivative of 217*f**3/3 - f**2 - f - 4. Let p be m(-1). Suppose 5*v + 58 = p. Calculate the highest common divisor of 8 and v.
8
Let w = 65 - -7. Suppose 3*k = 9*k - w. What is the highest common factor of 8 and k?
4
Suppose 0 = -11*p + 36*p - 775. Suppose 0 = -2*i + 149 + 161. Calculate the greatest common divisor of p and i.
31
Let g = -241 + 251. What is the highest common divisor of g and 145?
5
Let a = -7 - -62. Let b be (-2324)/(-18) + 11/(-99). Let c = -124 + b. What is the highest common factor of c and a?
5
Suppose -i = 46 - 50. Suppose 4*q + 0*w - 204 = -i*w, -189 = -4*q - w. What is the greatest common factor of 115 and q?
23
Let z = -20 - -32. Let d(y) = y**2 - y - 6. Let p be d(-5). What is the highest common factor of z and p?
12
Suppose -6 = 5*l - 8*l. Suppose l*c = -3*y + 105, 3*y - 138 - 12 = -3*c. Let x = -29 + c. Calculate the greatest common divisor of x and 176.
16
Let o = -20 - -28. Let u = o - 4. Suppose -4*m - s = -29, -u*m + 4*s = m - 31. What is the greatest common divisor of m and 63?
7
Let r(s) = 2*s**3 - 23*s**2 + 20*s + 9. Let o be r(11). What is the highest common factor of 135 and o?
27
Let c be (-7)/42 + 2667/18. Let m(z) = -4*z - 3. Let k be m(-10). Calculate the greatest common factor of c and k.
37
Let s = -31 + 62. Suppose -29 - s = -12*d. Calculate the greatest common factor of 15 and d.
5
Let x(w) = w**3 + 6*w**2 - w - 1. Let v be x(-4). Suppose -k + v - 24 = 0. What is the highest common divisor of k and 121?
11
Suppose 48 = c - 16. Suppose -6 = 4*w - 5*w - 2*f, 0 = -f + 2. Let v be (4 + 0)/(1/w). Calculate the greatest common factor of c and v.
8
Let z be (-2)/(-8) - 585/(-60). Let j(k) = -k + 28. Let i be j(z). What is the greatest common factor of i and 18?
18
Let k(m) = m**3 - m**2 + m + 1. Suppose -4*w = -5*w. Let n be k(w). Let s(a) = 21*a**2 - a + 1. Let p be s(n). What is the greatest common factor of p and 42?
21
Let g(v) = 2*v - 3. Let s be g(3). Suppose s*k - 5*k + 32 = 0. Let l be k/6 + (-4)/(-12). Calculate the highest common factor of l and 3.
3
Suppose 2*s - 5*a = -9*a + 238, 5*a - 485 = -4*s. Calculate the highest common divisor of s and 1.
1
Let m = -1698 - -2616. Calculate the greatest common factor of m and 34.
34
Let b = 461 + -311. What is the greatest common divisor of b and 30?
30
Suppose 4 = 6*d - 14. Suppose -1 = -p, -p + 2 = 3*w - 2*p. Suppose -4*k + d = -r, w = 3*r - 2*k - 10. What is the greatest common factor of 55 and r?
5
Suppose -5*o = -2*k - 1688, 4*k - k = -o - 2532. Let x be k/(-30) - (-28)/(-210). Calculate the highest common divisor of 84 and x.
28
Suppose y + 341 = 446. Calculate the highest common divisor of y and 525.
105
Let c be -1 - 10/(-2)*(-136)/(-20). What is the greatest common factor of c and 44?
11
Suppose -6*p - 2*l + 31 = -p, -9 = -3*l. Suppose -2*v - 24 = -3*i, p*i = -0*v + 2*v + 36. What is the highest common divisor of i and 24?
6
Let h(b) = -b**2 - 7*b + 4. Let n be h(-7). Let d(u) = 9*u - 9. Let y be d(-9). Let l be n/(-3)*y/12. Calculate the greatest common divisor of 25 and l.
5
Let v(y) = 12*y**3 - 4*y**2 - 2*y - 3. Let q be v(3). Let o = q + -194. What is the highest common factor of o and 34?
17
Let q be (-333)/(-6) + 15/30. What is the highest common factor of q and 7?
7
Suppose -2*d - 1606 = -5*d - 5*q, -2*q - 1592 = -3*d. What is the greatest common divisor of d and 28?
28
Let b(a) = -a**3 + 5*a**2 - 2*a + 4. Let o = -9 + 13. Let s be b(o). Let c be ((-120)/(-12) - 11)*-4. Calculate the highest common factor of c and s.
4
Let h be (-51)/119 + (-2246)/(-14). Suppose h = -3*x + 4*x. What is the greatest common factor of 40 and x?
40
Let w(v) = 2*v**2 - v - 4. Let p be w(3). Let j be (p - 12)/(1*-1). Let u be (-2)/(-8) - (-43)/4. Calculate the greatest common factor of u and j.
1
Let h = 18 - 5. What is the highest common factor of 13 and h?
13
Suppose 0 = -8*b - 200 + 1272. Suppose -3*l = 5*x - b, 3*l - 5*x = -0*x + 154. Let z = -15 - -21. Calculate the greatest common factor of l and z.
6
Suppose 137*v - 1116 = 75*v. Let z be 21/(2 - (-11)/(-6)). Calculate the greatest common factor of z and v.
18
Let j be ((-2)/(-6))/((-4)/24). Let u be (8/j - -2)*-2. Suppose -u = 5*x - 54. What is the highest common factor of 50 and x?
10
Suppose -96 = -3*s - 2*a, 2*a + 2*a + 138 = 5*s. Let w be 1/5 - 186/s. Let u be (-4)/w + 100/3. What is the greatest common factor of u and 85?
17
Let z = -11 + -14. Let g = 1 + z. Let i be ((-16)/g)/((-1)/(-21)). What is the highest common factor of i and 14?
14
Suppose 0 = 4*v + 3*z - 292, -z + 0*z = 3*v - 214. What is the greatest common factor of v and 168?
14
Let s = 57 + 63. Suppose -6*o + s = 4*o. What is the highest common divisor of o and 96?
12
Suppose 5*g + 4*v = 9*g + 12, -16 = -4*v. Calculate the highest common factor of g and 13.
1
Let m be (1232/(-110))/((-3)/135). Calculate the highest common factor of 16 and m.
8
Suppose 0 = -2*j + 2*d + 56, 2*d - 1 - 1 = 0. Suppose 3*s = 104 - j. Calculate the greatest common divisor of 10 and s.
5
Let g be (-1 - 5/(-4)) + (-2660)/(-304). Suppose 3*w - 2*w - 4*k = 5, w + 16 = -3*k. Let h = g + w. Calculate the greatest common factor of 2 and h.
2
Let p be 59/(-177)*(-51 - -3). Let s = -20 + 11. Let a = s - -57. Calculate the greatest common factor of a and p.
16
Let r be ((-4)/6)/((-5)/120). Let m = r - -2. What is the highest common factor of 2 and m?
2
Suppose v + 4*m = 142, -5*m + 147 = v - 6*m. Suppose -2*u + 4*h = -v, -3*h + 2 = -4*h. What is the greatest common factor of 138 and u?
69
Let m be (1 - -6) + (-7 - -11). Let b(x) = x**2 - 9*x + 4. Let z be b(m). Let l = z - -62. What is the greatest common divisor of l and 22?
22
Let b = 95 - 23. Calculate the greatest common divisor of 16 and b.
8
Let d(z) = z**2 + 18*z - 202. Let o be d(13). What is the greatest common divisor of o and 536?
67
Let w(d) = 2*d**2 + 12. Let q be (-3 - 7/1)/(-2). Let t be w(q). Let c = 102 - t. What is the highest common divisor of c and 10?
10
Let q = -559 + 811. What is the highest common divisor of 28 and q?
28
Suppose 4*i - 2*f - 1496 = 0, 3*i = 5*i - 2*f - 746. What is the highest common divisor 